rue
Is 478448 a multiple of 68?
True
Is 159840 a multiple of 9?
True
Does 10 divide 1539749?
False
Is 383 a factor of 22192?
False
Is 356 a factor of 410262?
False
Is 14030487 a multiple of 142?
False
Is 127400 a multiple of 280?
True
Is 26 a factor of 2522?
True
Is 3539280 a multiple of 240?
True
Is 16 a factor of 935456?
True
Is 288 a factor of 264352?
False
Is 81624 a multiple of 8?
True
Does 43 divide 4832641?
True
Does 18 divide 1232290?
False
Is 16089988 a multiple of 8?
False
Is 2933997 a multiple of 328?
False
Does 30 divide 37774350?
True
Is 168527 a multiple of 81?
False
Does 8 divide 10960?
True
Is 30301820 a multiple of 20?
True
Is 89088 a multiple of 882?
False
Is 74 a factor of 309616?
True
Does 235 divide 105985?
True
Is 22476 a multiple of 2?
True
Does 110 divide 1288430?
True
Is 271 a factor of 6334259?
False
Does 10 divide 18610?
True
Does 15 divide 897135?
True
Does 5 divide 27791?
False
Is 21 a factor of 6680675?
False
Does 6 divide 75845?
False
Is 309082 a multiple of 12?
False
Does 18 divide 32744?
False
Does 942 divide 9509583?
False
Is 3 a factor of 42934?
False
Is 43 a factor of 148522?
True
Is 5 a factor of 133910?
True
Is 347683 a multiple of 28?
False
Is 582024 a multiple of 8?
True
Is 12 a factor of 162665?
False
Is 78381 a multiple of 238?
False
Is 337 a factor of 114917?
True
Does 417 divide 226944?
False
Does 17 divide 37119?
False
Is 1154530 a multiple of 535?
True
Is 1671000 a multiple of 1000?
True
Is 114 a factor of 958441?
False
Is 1314855 a multiple of 61?
True
Does 50 divide 251700?
True
Is 223 a factor of 498369?
False
Does 3 divide 229768?
False
Does 511 divide 609112?
True
Is 16306 a multiple of 8?
False
Does 488 divide 320759?
False
Is 905037 a multiple of 16?
False
Is 9 a factor of 2327391?
True
Is 84 a factor of 603960?
True
Does 12 divide 180060?
True
Is 108 a factor of 2755661?
False
Does 544 divide 478720?
True
Is 11 a factor of 15421446?
False
Is 5204087 a multiple of 71?
True
Is 968430 a multiple of 86?
False
Is 81480 a multiple of 63?
False
Is 35720 a multiple of 38?
True
Does 27 divide 170208?
True
Is 19 a factor of 34561?
True
Is 370 a factor of 52540?
True
Is 2013029 a multiple of 23?
True
Does 17 divide 103852?
False
Does 36 divide 6114348?
True
Does 369 divide 7011?
True
Does 6 divide 102936?
True
Is 279443 a multiple of 82?
False
Is 477186 a multiple of 221?
False
Is 2332836 a multiple of 33?
True
Is 474628 a multiple of 268?
True
Is 2667221 a multiple of 41?
False
Does 873 divide 8414812?
False
Is 3807383 a multiple of 21?
False
Is 7 a factor of 132318?
False
Is 496626 a multiple of 26?
True
Is 154154 a multiple of 26?
True
Is 133562 a multiple of 15?
False
Is 139 a factor of 139556?
True
Is 421 a factor of 235169?
False
Is 13 a factor of 144698?
False
Does 3 divide 3176906?
False
Does 149 divide 16253?
False
Does 2 divide 98716?
True
Is 4239249 a multiple of 6?
False
Does 81 divide 190577?
False
Is 121126 a multiple of 213?
False
Is 549692 a multiple of 13?
True
Is 16 a factor of 561024?
True
Is 35 a factor of 140245?
True
Does 358 divide 1658780?
False
Is 373 a factor of 722128?
True
Does 21 divide 1704141?
False
Does 78 divide 10140?
True
Is 15530365 a multiple of 670?
False
Is 3 a factor of 670520?
False
Is 422440 a multiple of 38?
False
Is 7114995 a multiple of 14?
False
Is 49639 a multiple of 2?
False
Is 574 a factor of 1409170?
True
Does 27 divide 899910?
True
Does 34 divide 3738865?
False
Is 22499490 a multiple of 30?
True
Is 59491 a multiple of 7?
False
Does 360 divide 137628?
False
Is 51868 a multiple of 15?
False
Is 6780919 a multiple of 229?
True
Is 2307360 a multiple of 836?
True
Does 18 divide 4836?
False
Does 592 divide 1666480?
True
Does 16 divide 358944?
True
Is 7778231 a multiple of 138?
False
Does 17 divide 2265998?
True
Is 360 a factor of 90881?
False
Is 3287167 a multiple of 293?
True
Is 133 a factor of 1273741?
True
Is 292660 a multiple of 5?
True
Is 86 a factor of 3046986?
False
Is 173 a factor of 103790?
False
Is 220724 a multiple of 28?
True
Is 228 a factor of 468806?
False
Does 459 divide 786267?
True
Is 480702 a multiple of 87?
False
Is 36 a factor of 75597?
False
Is 71263 a multiple of 14?
False
Is 10 a factor of 466680?
True
Is 25 a factor of 789166?
False
Is 731406 a multiple of 78?
True
Is 722700 a multiple of 165?
True
Is 249 a factor of 29399?
False
Is 591 a factor of 1335069?
True
Does 184 divide 4416?
True
Is 9196680 a multiple of 60?
True
Does 31 divide 1571948?
True
Does 3 divide 341314?
False
Is 51 a factor of 2337024?
True
Is 136488 a multiple of 24?
True
Is 22540 a multiple of 50?
False
Does 16 divide 18976?
True
Is 1330752 a multiple of 6?
True
Does 173 divide 640366?
False
Is 51975 a multiple of 5?
True
Does 104 divide 110987?
False
Is 981464 a multiple of 32?
False
Is 5418904 a multiple of 83?
True
Does 8 divide 1544715?
False
Does 173 divide 6055?
True
Is 302490 a multiple of 90?
True
Is 333068 a multiple of 31?
False
Is 5 a factor of 1193?
False
Is 502050 a multiple of 5?
True
Is 47 a factor of 708666?
True
Is 1158351 a multiple of 151?
False
Is 9 a factor of 2088313?
False
Does 121 divide 14456399?
False
Is 6709439 a multiple of 91?
False
Does 754 divide 686894?
True
Does 28 divide 27082?
False
Is 222985 a multiple of 43?
False
Does 2 divide 17244?
True
Is 513 a factor of 582958?
False
Is 327060 a multiple of 18?
True
Is 95495 a multiple of 48?
False
Does 3 divide 1119487?
False
Is 100936 a multiple of 44?
True
Is 51179 a multiple of 8?
False
Does 897 divide 19066109?
False
Is 8865051 a multiple of 12?
False
Is 3 a factor of 192609?
True
Does 230 divide 6099071?
False
Does 526 divide 920437?
False
Is 481 a factor of 2778161?
False
Is 2710798 a multiple of 248?
False
Is 236397 a multiple of 21?
True
Does 13 divide 5747863?
False
Is 7832700 a multiple of 1952?
False
Is 880670 a multiple of 14?
True
Is 17 a factor of 1397980?
False
Is 68571 a multiple of 34?
False
Does 208 divide 76544?
True
Is 516272 a multiple of 134?
False
Is 34 a factor of 244049?
False
Does 161 divide 71645?
True
Is 12 a factor of 2698?
False
Is 3139204 a multiple of 331?
True
Is 49175 a multiple of 7?
True
Does 337 divide 104393?
False
Does 47 divide 90381?
True
Is 4 a factor of 51850?
False
Does 356 divide 24538?
False
Does 46 divide 8115780?
True
Does 6 divide 98984?
False
Is 5 a factor of 384680?
True
Does 313 divide 4620506?
True
Is 40678 a multiple of 2?
True
Is 1145088 a multiple of 56?
True
Is 232452 a multiple of 4?
True
Is 38 a factor of 39634?
True
Is 7 a factor of 9674?
True
Is 259 a factor of 586326?
False
Is 102 a factor of 123436?
False
Is 186 a factor of 59177?
False
Is 139937 a multiple of 10?
False
Is 13033 a multiple of 4?
False
Is 7531825 a multiple of 17?
False
Is 14 a factor of 99344?
True
Is 708726 a multiple of 32?
False
Is 419 a factor of 181846?
True
Is 26 a factor of 1352442?
True
Is 182208 a multiple of 24?
True
Is 154745 a multiple of 6?
False
Does 45 divide 1453050?
True
Is 803127 a multiple of 30?
False
Is 174960 a multiple of 180?
True
Does 177 divide 582153?
True
Does 741 divide 7791678?
False
Is 421023 a multiple of 102?
False
Is 925 a factor of 2783325?
True
Is 128107 a multiple of 127?
False
Is 491686 a multiple of 17?
False
Does 711 divide 2099583?
True
Does 243 divide 1537851?
False
Is 445669 a multiple of 22?
False
Is 51 a factor of 136198?
False
Is 47520 a multiple of 90?
True
Does 15 divide 1259715?
True
Is 5330188 a multiple of 62?
False
Does 919 divide 6506520?
True
Does 24 divide 301200?
True
Is 5734690 a multiple of 75?
False
Is 199 a factor of 237208?
True
Is 2391896 a multiple of 4?
True
Is 258 a factor of 142416?
True
Is 462246 a multiple of 106?
False
Is 15 a factor of 6112820?
False
Does 47 divide 31060?
False
Does 831 divide 4912511?
False
Does 20 divide 1110371?
False
Does 22 divide 226160?
True
Does 49 divide 1015084?
True
Is 107330 a multiple of 202?
False
Does 287 divide 229026?
True
Does 17 divide 6664?
True
Is 143 a factor of 6960433?
False
Is 118 a factor of 319426?
True
Is 10 a factor of 10047866?
False
Does 403 divide 17732?
True
Does 75 divide 683250?
True
Does 256 divide 7967744?
True
Is 38 a factor of 50388?
True
Is 4554207 a multiple of 483?
True
Is 13485771 a multiple of 15?
False
Is 892650 a multiple of